649 - -331. What is the highest common divisor of h and 100?
20
Let a(t) = -6 + 2 + 7*t - 2*t**2 + 27*t**3 - 1 - 26*t**3. Let d be a(2). Suppose -66 + 336 = d*h. What is the highest common factor of h and 105?
15
Suppose 586 = 3*z - o, 4*z - 13*o - 816 = -16*o. Let r be (-264)/6*(-1)/2. Calculate the highest common divisor of z and r.
22
Let r = 340 - 317. Suppose -3*q + 83 = -124. Calculate the greatest common factor of q and r.
23
Let z = 7238 + -6443. What is the highest common divisor of z and 954?
159
Suppose 11 = 10*i - 59. Let f(c) = c**2 + 5*c - 35. Let w be f(i). What is the highest common factor of 441 and w?
49
Let f = 887 - -96. Suppose -f = 5*w - 1113. Let v(b) = 6*b**2 - 5*b + 2. Let r be v(4). What is the greatest common factor of r and w?
26
Let y = -49 - -56. Let q(w) = 2*w**2 + w - 24 + 4 + y. Let f be q(-5). What is the greatest common divisor of f and 80?
16
Let x be (-70*6/(-4))/1. Suppose x = 2*w - t, w - 5*t = 57 + 18. Let i = 89 - w. Calculate the greatest common divisor of i and 39.
39
Suppose 5691 - 10961 = -310*r. Suppose 5*g = 208 - 38. What is the greatest common factor of r and g?
17
Let g be 67/(-670) + (-12764)/(-40). Calculate the greatest common divisor of 44 and g.
11
Let k = 110 + -48. Let i = -519 + 550. Calculate the highest common divisor of k and i.
31
Let y(n) = 176*n + 13. Let c be y(6). Suppose 8*q = c + 4107. Let i = -229 + q. Calculate the greatest common divisor of i and 38.
38
Suppose -3*i = -2*s - 1853, 6*s - 11*s + 3130 = 5*i. Calculate the highest common factor of i and 270.
27
Let h(q) = 11*q**3 - 49*q**2 + 92*q - 7. Let n be h(2). Calculate the greatest common divisor of 69 and n.
69
Let k be (-8 - 1 - 1) + 35. Calculate the greatest common divisor of k and 4375.
25
Suppose -3*l + 5*z - 124 = -107, 4*l - 5*z = -11. Calculate the greatest common divisor of 422 and l.
2
Let f be 2/(-5) - 4308/(-20). Let m be 19056/56 + (23/(-7) - -3). Let y = m - 297. Calculate the highest common divisor of y and f.
43
Suppose -16*y = 4*u - 12*y - 16, 3*u + 2*y = 18. Calculate the greatest common divisor of 744 and u.
2
Let n(y) = -y**3 - 25*y**2 - 26*y - 13. Let s be n(-24). Let v = 774 - 319. Calculate the greatest common factor of s and v.
35
Suppose 2*r + 2 = 0, -82*v + 83*v + 4*r = 1436. What is the highest common factor of 1280 and v?
160
Suppose 17972 + 28360 = 33*j. Calculate the highest common divisor of 1836 and j.
108
Suppose -11*z = -9*z - 4*k - 124, -2*z = 5*k - 115. Suppose 580*x + z = 590*x. Calculate the highest common divisor of x and 54.
6
Suppose 4*w + 5*m = -6 + 9, 0 = 4*w - 10*m - 78. What is the greatest common divisor of 5257 and w?
7
Let s be ((-15)/20*-2)/(6/(-1668)). Let p = s + 428. Calculate the highest common factor of p and 1.
1
Let k = 8355 + -4925. What is the greatest common factor of k and 10?
10
Suppose -996 = -26*q - 918. Let k = 8 - 0. What is the highest common factor of q and k?
1
Let s(u) = 19277*u - 115597. Let m be s(6). Let i(q) = q**2 - 4*q - 5. Let y be i(4). Let c = 10 + y. Calculate the greatest common factor of c and m.
5
Let l(w) = 25*w - 10. Let n be l(4). Suppose 6*p - n = -0*p. Let c = 52 + -42. Calculate the greatest common factor of p and c.
5
Suppose 12 = 4*l + 2*k, -3*k = l - 0*k - 3. Let c(u) = 30*u**2 - 29*u + 6. Let i be c(1). What is the greatest common divisor of l and i?
1
Let f = -1865 - -2278. What is the highest common factor of 531 and f?
59
Suppose -3*k + 30 = 3*h, -4*k + 7 = 3*h - 29. Suppose 6*j - k = 90. What is the highest common divisor of j and 112?
16
Suppose 4*v + 5*u = -271 - 69, -4*v - 340 = -5*u. Let o = 124 + v. Let s be (-7)/(56/156)*-6. Calculate the highest common factor of o and s.
39
Let y(i) = -i**3 - 2*i**2 + 2*i + 8880. Let u be y(0). Suppose 5*k - u = -11*k. What is the highest common factor of k and 15?
15
Suppose -56*n = -16323 - 5853. Calculate the greatest common divisor of 330 and n.
66
Suppose -12 = -17*r - 63. Let k be ((-672)/(-40))/(r/(-50)). Let u(i) = 11*i**2 - i - 2. Let b be u(2). Calculate the greatest common divisor of b and k.
40
Suppose 564*m - 552*m = 540. What is the highest common divisor of m and 215?
5
Suppose 0 = 4*d + 2*q - 533 + 441, 2*d - q - 50 = 0. Calculate the highest common divisor of 1952 and d.
8
Suppose s = 7*j - 3*j - 6, -5*j = 0. Let a(f) = -6*f + 8. Let q be a(s). Suppose -h - 12*h + 132 = -7*h. What is the highest common factor of q and h?
22
Suppose 133*a = 197*a - 16128. Calculate the highest common factor of 420 and a.
84
Let w = 13564 + -12367. Calculate the highest common divisor of w and 2907.
171
Suppose 0 = -5*s - 5*j + 35, 0 = 4*s - 2*j - j. Suppose s*y + 480 = 13*y. What is the greatest common factor of 80 and y?
16
Let c(p) = 5*p. Let m(s) = -3*s - 10. Let n(b) = c(b) + m(b). Let j = 4 + 4. Let h be n(j). What is the greatest common divisor of h and 6?
6
Let a(c) = 2*c - 9. Let m(f) = -f**3 + 5. Let d be m(0). Let i be a(d). Let v = 12 + -7. Calculate the greatest common divisor of v and i.
1
Let y = 143 - 141. Suppose 0 = y*f - 166 + 68. Let z = 29 + f. Calculate the highest common factor of z and 26.
26
Let i = -421 + 444. Suppose -3*j - 9 = 0, 27*j - i*j + 637 = 5*n. Let f be -75*1/(3/(-2)). What is the highest common factor of f and n?
25
Let y be 1460/(50/8 + -7 + (-11)/(-4)). What is the greatest common divisor of y and 584?
146
Suppose -4*c + 56 = 5*g, 5 = c + 4*g + 2. Suppose c*v + 0*v - 171 = 0. Calculate the greatest common factor of v and 243.
9
Let s(t) = 3*t**2 + 57*t - 13. Let z be s(-27). Let q be 3/11 + z/11. Calculate the greatest common divisor of 145 and q.
29
Suppose 10*h = -2*h - 24. Let z(t) = t + 10. Let r be z(h). Calculate the greatest common divisor of 32 and r.
8
Let t(m) = 246*m - 1058. Let v be t(5). Calculate the greatest common divisor of v and 8.
4
Let k be ((-206)/(-6))/(-1 - (-35)/42). Let j = 214 + k. Let x(i) = i**2 + i - 3. Let r be x(2). What is the highest common divisor of j and r?
1
Let s = 24 - 25. Let x(f) = 59*f**2 - 3*f - 2. Let j be x(s). Calculate the greatest common factor of 6 and j.
6
Let c be (-18)/(-27)*-1 - (-1156)/6. Suppose 948 = 6*p + c. What is the greatest common factor of p and 819?
63
Let l be 4034/6 + (-2)/6. Suppose 797 - 1983 = 88*w - 872 - 842. Calculate the highest common factor of w and l.
6
Suppose -24*v + 28*v = 120. Let l(d) = -d**3 + 6*d**2 - 3*d. Let i be l(2). Let h = i + 0. Calculate the highest common factor of h and v.
10
Let j be (-1440)/(-32) + 1*2/(-2). Let q = j + -39. Let c(x) = x**2 + x - 2. Let k be c(-7). Calculate the highest common factor of k and q.
5
Suppose -3*r = 5*u - r - 2735, 3*u + r = 1640. Suppose 19*n - u = 367. What is the greatest common factor of n and 12?
12
Suppose 70*v - 158*v - 660 = -55572. Calculate the greatest common factor of 2652 and v.
156
Suppose -467 = -53*b + 805. Let w(v) = -v**3 - 11*v**2 + v + 8. Let j be w(-11). Let h = 9 - j. What is the greatest common factor of b and h?
12
Let v = -26 - -29. Suppose -v*n + 13 = -2. Suppose 0 = -w - 1, 5*w - 3*w = -n*y + 43. What is the highest common factor of y and 9?
9
Let l(i) = 6*i**2 - 3*i + 2. Let s be l(3). Suppose 7*h = 8*h - 13. Let b = s + h. Calculate the greatest common factor of b and 40.
20
Let w be 151/((11/(-88))/(2*12/(-32))). Calculate the highest common divisor of w and 1057.
151
Let w(h) = 50*h - 935. Let n be w(19). Let c(l) = -l**3 + 9*l**2 - 6*l + 4. Let b be c(7). What is the highest common factor of b and n?
15
Let x = 21460 - 21396. Let l = 10 - 6. Calculate the greatest common factor of x and l.
4
Suppose -2*w + 3*w - 25 = -3*i, 3*w + 4*i - 60 = 0. Suppose 0 = 13*x + 3838 + 608. Let s = x - -486. Calculate the greatest common factor of s and w.
16
Let j = -169 - -253. Suppose 146 = -4*s + 230. Let n be ((-18)/s)/(12/(-168)). Calculate the greatest common divisor of n and j.
12
Suppose -10*y = -49*y + 273. Calculate the highest common factor of y and 3143.
7
Let t be 458319/333 - ((-8)/3 + 4). What is the greatest common divisor of 220 and t?
55
Suppose 4*n - 647 = 185. Suppose -n = -19*g + 15*g. Suppose -g = -2*r - 4*o, 12 = -r + 3*r - 4*o. Calculate the greatest common divisor of r and 4.
4
Suppose -7*g = -4*g - 27. Suppose -g*x + 224 = -x. Suppose 0 = 2*n + 3*w - x, 48 = 2*n - w - w. Calculate